*2 + 3*k + 2. Suppose -3*w + 5 = -4. Let p be i(w). Let h be p/(2 - 12/9). What is the greatest common factor of 2 and h?
1
Let y be 842/10 + (5/(-25) - 0). Calculate the highest common factor of 6 and y.
6
Suppose 0*a - 25 = 5*a, 4*m + a + 57 = 0. Let y be -1 + 3/((-3)/m). Calculate the greatest common factor of 96 and y.
12
Suppose -5*u - c = -u - 74, -80 = -5*u + 5*c. Calculate the greatest common factor of u and 162.
18
Suppose 0 = -0*x + 5*x - 20. Let d be -4*(2/x)/(-1). Suppose 0 = -d*m + 4*h + h + 430, m - 230 = -5*h. Calculate the highest common factor of 20 and m.
20
Suppose 465 = 3*s + 120. Calculate the highest common divisor of 46 and s.
23
Let j(w) = -w**3 - 6*w**2 - 7*w - 5. Let x be j(-5). Suppose -x*p + 50 = o, -o = p + 2*p - 50. Let r = 2 - -8. Calculate the greatest common divisor of r and o.
10
Suppose g = -2*g + 21. Let s be (-178)/(-14) - (-2)/g. Calculate the highest common divisor of 52 and s.
13
Let g(q) = -q**2 - 12*q - 10. Let o be g(-10). Let k be 1/2 - (-215)/o. What is the highest common factor of 2 and k?
2
Suppose -5 = -l + 9. Calculate the highest common divisor of 14 and l.
14
Let v = -86 - -128. Suppose -o + 420 = 4*k, -4*o + 5*o = 3*k - 315. What is the greatest common divisor of k and v?
21
Let o(v) = -v**3 - 4*v**2 - 3*v + 5. Let n be o(-4). Let b(f) = -f**2 - 2*f. Let w be b(-3). Let t = n + w. Calculate the highest common divisor of 126 and t.
14
Let r(n) = -51*n - 3. Let t be r(-2). Suppose -3*j - 18 = -t. Calculate the greatest common factor of j and 9.
9
Let l(p) = p**3 - p**2 + 2*p + 17. Let g be l(0). What is the greatest common factor of 17 and g?
17
Suppose -2*m + 1 = -9. Suppose 4*l - 149 = -9. Calculate the highest common factor of m and l.
5
Suppose -g - 6 = -2*h, g - h + 4 = 1. Suppose g = -0*x - x - 23. Let c = x - -53. What is the highest common divisor of c and 12?
6
Let a(o) = 40*o. Let z be a(-1). Let w be 0/2 + -2 - -17. Let r be (z/w)/((-2)/12). What is the highest common factor of 8 and r?
8
Let g(z) = z**2 + 3*z - 5. Let b be g(-5). Suppose -b*i - 3 + 23 = 0. Let r = 8 - i. What is the highest common divisor of r and 1?
1
Let k(x) = -x**2 + 3*x + 1. Let r be k(4). Let s be 1*r*(3 - 6). What is the greatest common factor of 45 and s?
9
Let i be (-4 - (-772)/20) + (-2)/(-5). What is the greatest common divisor of 14 and i?
7
Suppose -8*t = -10*t + 6. Let y be 2 - 2*(2 - 13). What is the greatest common factor of y and t?
3
Suppose -7*q - 1870 = -12*q. What is the highest common divisor of q and 34?
34
Suppose 2*t - 11 = -i - 0*i, -2*i = -t - 2. Let b(l) = 6*l**2 + 0*l**2 - 4 + i*l + 1. Let z be b(-3). Calculate the highest common divisor of z and 6.
6
Let h be 4/5*(-25)/(-10). Let m be 45 + (4 - (h + -1)). What is the greatest common factor of m and 12?
12
Let b = -56 - -131. Calculate the greatest common divisor of b and 15.
15
Let s = 116 + -52. What is the greatest common factor of s and 8?
8
Let q(p) = p**3 + p**2 + p - 2. Let n be q(0). Let m(o) = -6*o**3 + 5*o**3 - 19*o**3. Let u be m(n). Calculate the greatest common divisor of u and 20.
20
Suppose 2*i - 20 = -3*i + 4*d, -20 = -5*i - 4*d. Let t(q) = -4*q**3 + q**2. Let n be t(1). Let l be n/(-2)*32/3. What is the highest common factor of i and l?
4
Let o be 3 - (7 + -1) - -27. Let z(g) = -g**2 - 8*g. Let k be z(-7). Suppose -m + 1 = -k. What is the greatest common divisor of m and o?
8
Let g be -1 + 0 + -4 + 31. Let v(j) = -23*j + 3. Let r be v(-4). Let n = 160 - r. What is the highest common divisor of n and g?
13
Let l(p) = 3*p - 7*p - 11 + p - 3. Let y be l(10). Let b be y*2/4*-2. Calculate the highest common factor of b and 11.
11
Suppose 2*x + 0*x - 2 = 0. Let b be 14/2 - x*3. What is the highest common divisor of 20 and b?
4
Suppose 126 + 122 = 4*b. Suppose w - 42 = -r + b, -4*r + 411 = 3*w. What is the highest common factor of r and 11?
11
Let b = 25 - -43. Suppose 0 = r + 3*r + 12, -2*n - 5*r = 9. Suppose n*t - 34 = t. Calculate the highest common factor of t and b.
17
Let h(i) = i**2 + 5*i + 12. Let g be h(-5). What is the greatest common divisor of g and 6?
6
Let a = 386 + -202. What is the highest common divisor of a and 23?
23
Suppose a + 0*a + 4*x - 11 = 0, -4*a + 88 = 5*x. What is the highest common factor of a and 54?
27
Let h = -60 - -230. Calculate the highest common divisor of h and 68.
34
Let v = 22 - -23. Calculate the highest common divisor of 18 and v.
9
Let h be (-2 - -2) + -1 - -1. Suppose h = 3*g + 2*g + 25. Let i be (-2)/g + (-66)/(-10). Calculate the highest common factor of i and 21.
7
Suppose 3*i = 12, -4*m + 2*i - 3 = 1. Suppose -4*g = g + 4*p - 92, 0 = -g + 5*p + m. Calculate the greatest common factor of g and 144.
16
Suppose 12 = 3*y + 4*h - 17, -5*h = -3*y + 38. Calculate the highest common divisor of y and 88.
11
Let q be (-2 - (-8)/5)/(9/(-630)). What is the greatest common divisor of q and 8?
4
Let y(o) = 6*o**2 + o + 3. Let r(h) = 11*h**2 + 2*h + 5. Let d(u) = 3*r(u) - 5*y(u). Let a be d(-2). Calculate the highest common divisor of a and 10.
10
Suppose 0 = -3*p + 79 - 1. Calculate the highest common divisor of 39 and p.
13
Let z = -65 + 121. Let j = 8 - 1. What is the greatest common divisor of j and z?
7
Suppose -4*s - 18 = -z, -5*s - 14 = z - s. Suppose r - z*b - 146 = 0, -366 - 99 = -3*r - 3*b. What is the greatest common divisor of r and 19?
19
Let p(o) = o**3 + o + 18. Let w be p(0). Let k = 17 + 1. Calculate the greatest common factor of k and w.
18
Suppose k - 2*y = -5, 4*k = -3*y + 18 - 5. Let j = 145 - 137. What is the highest common factor of j and k?
1
Suppose r - 9 + 1 = 0. Let u = r + -13. Let p be 2*112/(-10)*u. Calculate the greatest common divisor of p and 16.
16
Let x = 3 + 2. Suppose -4*d = 3*i - 125, -3*d = -i - 29 - 68. Suppose d = x*t - t. What is the highest common divisor of t and 72?
8
Suppose 2*o = -0*o + 80. Calculate the greatest common divisor of o and 10.
10
Suppose -3*d - 4*z + 23 = 0, 0 = -3*d - d + 5*z + 10. Let o(w) = -w**3 - 5*w**2 + 5*w - 1. Let l be o(-6). What is the highest common factor of l and d?
5
Suppose z - 5 = 4*h, 2*z + 0 = h + 17. Suppose 5*b - 554 = 3*m - 146, 4*m - 320 = -4*b. Calculate the greatest common divisor of b and z.
9
Suppose 0 = 13*p - 3*p - 1000. Calculate the greatest common divisor of p and 20.
20
Let k be (-3 - -7)*(-3)/(-6). Calculate the highest common divisor of k and 6.
2
Suppose 168 = 12*g - 24. Calculate the greatest common divisor of 40 and g.
8
Suppose 17 = 5*k - 4*m, m + 11 = 4*k - 7. What is the greatest common divisor of 3 and k?
1
Let w = 1 + 0. Let q = 3 - 3. Let b = q + w. Calculate the greatest common divisor of b and 5.
1
Let h(g) = 42*g**2 - 3*g + 3. Let t be h(1). Calculate the greatest common factor of t and 21.
21
Suppose -8 = -4*x - 0*x, 0 = -5*h + 4*x + 622. What is the highest common factor of h and 18?
18
Suppose q + 121 = j, 5*j + 3*q - 281 - 356 = 0. Let x = 306 - j. Let t = -109 + x. Calculate the highest common factor of t and 9.
9
Suppose 3*h + 3*r - 102 = 0, 3*h - 154 = -2*h + 3*r. Calculate the highest common factor of h and 8.
8
Suppose 0 = -2*l + 8 + 6. Let b be -1505 + 12/((-16)/4). Let u be b/(-14) + 2/l. What is the highest common factor of 12 and u?
12
Suppose 2*d - 16 = 5*k, 4*d - k - 4*k - 22 = 0. Let p = -14 - -20. Suppose p = 6*t - 5*t. What is the greatest common factor of t and d?
3
Let b be 0 + -1 + 2 + 1. Suppose 5 = b*j - j. Suppose 2*w = j*x + 30, w - 9 = 4*x + 3. What is the greatest common factor of w and 60?
20
Suppose 2*p = 7*p - 130. Let t(a) = 2 + p + a + a**2 - 2*a**2 + 0*a**2. Let m be t(0). Calculate the greatest common factor of 4 and m.
4
Let g = -3 + 4. Let d = 23 - g. Let w be -1 + (-3)/(-6)*d. Calculate the highest common divisor of w and 10.
10
Let n = 137 + -79. Let d = -19 + n. Calculate the greatest common divisor of 13 and d.
13
Suppose 0 = 4*m + 4*l - 80, -m + 0*l = -2*l - 32. Let k = -4 + m. Calculate the highest common divisor of k and 10.
10
Suppose -2*r + 21 = r. Let h = -11 + 27. Let n = 23 - h. Calculate the highest common divisor of r and n.
7
Let x be 120/3*(-1 - -2). Suppose z = 5*z - x. What is the greatest common divisor of 25 and z?
5
Let d be 3*2/6 + 1. Suppose 0 = k - 4*n - 28, d*k - 8 = 3*k + 5*n. Calculate the greatest common factor of k and 4.